6)*((-5)/1 - -2). Let b = -104 + h. What is the remainder when 85 is divided by b?
21
Let k(g) = -g**2 + 16*g + 71. Suppose 3*j - j = -l - 4, 0 = 4*j - 12. What is the remainder when ((-24)/l)/(6/100) is divided by k(19)?
12
Suppose 2355 = 53*y - 13*y + 435. Let i(q) = -3*q - 1. Let b be i(1). What is the remainder when y is divided by b/(-6) + 79/3?
21
Let l be (-561)/(-8) + 11/(-88). Let a = -77 + l. What is the remainder when 13 is divided by (-2 - 0 - -10) + 0/a?
5
Suppose 5*x = n + 2*n - 9, -2*n = 4*x - 6. Suppose -n*o = -2*o - 72. Let h(u) = 21*u**2 + 116*u - 35. Calculate the remainder when o is divided by h(-6).
22
Suppose -28*r + 22*r + 4998 = 0. Let j = r + -409. What is the remainder when j is divided by 5?
4
Suppose -21*o + 726 + 513 = 0. What is the remainder when 882 is divided by o?
56
Suppose 12 + 13 = -5*y, -3*q + 324 = 3*y. What is the remainder when 270 is divided by q?
44
Let z(s) = -79*s - 1. Let v be z(1). Calculate the remainder when (-3)/(-4) - (-484)/16 is divided by (-2)/(v/36 + 2).
4
Suppose 5*f = 4*h - 3446, -4*h - 3*f = -3*h - 870. Suppose -9*v + 4*v - 467 = -2*p, -4*p - 4*v + h = 0. What is the remainder when p is divided by 45?
41
Suppose 1731 = 273*c - 270*c - 5*x, 0 = 2*c + x - 1154. Calculate the remainder when c is divided by 20.
17
Suppose 3*j - 2193 + 663 = 0. What is the remainder when j is divided by 76?
54
Let w = -12 - -34. Suppose 44*c - 281 = 27. Calculate the remainder when w is divided by c.
1
Let j = -7397 + 7492. Calculate the remainder when 271 is divided by j.
81
Suppose -2*y = -17*y + 315. What is the remainder when -1*(-7)/((-28)/(-100)) is divided by y?
4
Let k(d) = 2*d**2 - 3*d - 5. Let r(a) = -2*a**2 + 2*a + 6. Let o(h) = 3*k(h) + 2*r(h). Let j = 8 - 2. Calculate the remainder when j is divided by o(-1).
2
Suppose 97 = 3*z + 28. Suppose 76*x + 125*x = 289*x - 5544. What is the remainder when x is divided by z?
17
Let u = 150 + -81. Suppose 5*q = -6*q + 2244. What is the remainder when q is divided by u?
66
Let v = -1940 - -2134. What is the remainder when 410 is divided by v?
22
Suppose -36*i - 5029 = -7081. Let l(t) = 6*t - 4. Let c(d) = 3*d - 2. Let n(a) = -5*c(a) + 2*l(a). What is the remainder when i is divided by n(-6)?
17
Suppose 13*b - 14*b - 473 = -5*i, i + 5*b = 105. Let d = i - 44. What is the remainder when d is divided by 18?
15
Suppose 692*j = 696*j + 5*b - 1683, 4*j + 2*b = 1662. Calculate the remainder when j is divided by 85.
72
Suppose 40*v = 343 + 340 - 123. Suppose -o = 5*r - 45, -17 - 1 = -2*r - 3*o. Let p = 16 + r. What is the remainder when p is divided by v?
11
Let o(g) = -2*g**3 + 47*g**2 - 68*g + 45. Calculate the remainder when o(21) is divided by 138.
132
Let h = 553 - 355. Suppose -5*u - 24*w + 25*w = -312, -4*w = -12. Calculate the remainder when h is divided by u.
9
Let w(r) be the first derivative of 25*r**3/3 - 3*r**2 - 10*r - 42. What is the remainder when w(-3) is divided by 30?
23
Suppose 25*r + 45 = 26*r. Suppose 55 - 13 = 6*v. What is the remainder when r is divided by v?
3
Let d(m) = 3 - 42*m**3 - 1 - 40*m**3 - 1. Let n(g) = 4*g**2 + 334*g - 1010. Calculate the remainder when d(-1) is divided by n(3).
27
Let w = 15019 + -11405. Calculate the remainder when w is divided by 16.
14
Let j = -2545 - -2603. Calculate the remainder when 7247 is divided by j.
55
Let g(s) = -s + 5. Let c be g(0). Suppose 0 = 2*j - 4*h - 8, -44 = -c*j - 2*h + 4*h. What is the remainder when 78 is divided by j?
8
Let u be (0 + 619 - 1) + (41 - 42). Suppose -4*q + 128 = s, -11*s + 3*q = -6*s - u. What is the remainder when s is divided by 25?
24
Let k = 2388 + -2376. Calculate the remainder when 311 is divided by k.
11
Let t(u) = u**3 - 2*u**2 - 16. Let r be t(7). Suppose 9*g - 2*c + r = 6*g, c + 68 = -g. Let v = g + 87. Calculate the remainder when 81 is divided by v.
11
Calculate the remainder when 2496 is divided by (-3)/(-2) + -1*429/(-22).
18
Let h = -4611 - -5413. What is the remainder when h is divided by 11?
10
Let p(m) = -m**2 - 9*m - 9. Let s be (30/35)/(2/(-14)). Let d be p(s). Suppose 0*g - d = -g. What is the remainder when g is divided by 5?
4
Let h = 3187 - 3155. What is the remainder when 358 is divided by h?
6
Let a = -142 - -144. Let d(x) = -x + 10. What is the remainder when d(a) is divided by 4?
0
Suppose -13*f = 6*f - 18*f - 435. Calculate the remainder when f is divided by 39.
6
Suppose 5 - 23 = -2*h. Suppose -7*m + 17 = -32. Suppose 0 = 15*v + m*v - 1518. What is the remainder when v is divided by h?
6
Calculate the remainder when 1402 + (6 + -3 - (10 - (-3 + 9))) is divided by 38.
33
Let n(j) = 2*j**3 - 14*j**2 + 44*j - 5. What is the remainder when n(7) is divided by 107?
89
Suppose 0 = 52*r + 20*r - 914 - 310. What is the remainder when 997 is divided by r?
11
Let y(d) = -8*d + 44. Let v be y(4). Suppose 7*q - 247 = -v*q. What is the remainder when 59 is divided by q?
7
Suppose -319*z - 3*d = -320*z + 86, -5*d + 40 = 0. Calculate the remainder when z is divided by 49.
12
Suppose -38*o = -6013 - 4741. Suppose -498 = -289*b + o*b. Calculate the remainder when b is divided by 43.
40
Let c(d) = 3*d + 32. Let b(l) = -l - 3. Let n(o) = 4*b(o) + c(o). What is the remainder when n(-21) is divided by 11?
8
What is the remainder when (-9873)/(-21) + (-19)/(1330/(-60)) is divided by 451?
20
Suppose h - 26 = 2*k + k, -3*h + 66 = 3*k. Let p(z) = 2*z**2 - 1. Let y be p(-1). What is the remainder when 1/(-1)*y*(-69 + 2) is divided by h?
21
Let t be ((-22)/(-8))/((-4)/80). Let p = -2869 + 2802. Let f = t - p. Calculate the remainder when 105 is divided by f.
9
Suppose 3*i + 2*h = 58, -5*i + 15 = 5*h - 85. Let z = i - 7. What is the remainder when (18 + -6)*(40/(-3))/(-5) is divided by z?
10
Let q = -79 - -77. Let f be (-1)/q + (-540)/(-8). Suppose -12 = 4*h - f. What is the remainder when 82 is divided by h?
12
Let o(p) = 13*p - 4*p**2 + 5 + 3*p**3 - 38*p + 20*p - 4*p**3. Let l be 2/7 - 30/7. Calculate the remainder when 123 is divided by o(l).
23
Suppose -5*q + 395 = 95. Let l = q - 15. Suppose 22*a - 26*a = -48. Calculate the remainder when l is divided by a.
9
Suppose z - 2 = n, -2*n = 2*z - n - 10. Suppose w + z*m - 7 = -21, 3*m = 3*w - 18. Calculate the remainder when 24 is divided by 240/(-8)*w/(-4).
9
Let x(g) = g**3 - 3*g**2 - 10*g + 1. Let n be x(5). Let m = -14 - n. Let q = m + 20. Calculate the remainder when 17 is divided by q.
2
Let u = -40 - -43. Suppose 0 = -7*l + 31 + 550. Suppose -l = -4*n - 5*h, u*h - 8 = -n + 6*h. Calculate the remainder when 183 is divided by n.
13
Suppose -l = -5*d + 139, -5*d + 4*l + 202 - 51 = 0. What is the remainder when 485 is divided by d?
26
Let o = 1825 + 269. What is the remainder when o is divided by 14?
8
Let q = 4644 - 4562. Let b(v) = 8*v**2 - 12*v + 14. What is the remainder when b(7) is divided by q?
76
Let h = -401 + 123. Let r = 395 + h. Let z = r + -98. What is the remainder when 50 is divided by z?
12
Let c = 20413 + -1002. What is the remainder when c is divided by 92?
91
Let z be ((-20)/15)/(((-10)/(-6))/(-5)). What is the remainder when 3258/(-45)*(-10)/z is divided by 27?
19
Suppose -1862*l - 12480 = -1927*l. Calculate the remainder when 634 is divided by l.
58
Suppose w - 79 = -4*d - 13, -5*d = -5*w - 70. Let v = 27 - d. Calculate the remainder when ((-2)/3)/(v/(-528)) is divided by 11.
10
Let j(l) = 5*l - 43 + 61 - 5*l + l**3 + 32*l**2. Calculate the remainder when 107 is divided by j(-32).
17
Suppose 11*f + 22 = 77. Suppose -4*l + 3*h = -53, -33 = -f*l + 3*h + 37. What is the remainder when 97 is divided by l?
12
Suppose -f + 64 = -93. Let s = f - 101. Let w = s + -28. Calculate the remainder when w is divided by 15.
13
Let p = 75 + -29. Suppose -4*v = -5*j - 0*j + 33, -3*j + 4*v + 23 = 0. Suppose 3*l = 0, -j*z - 5*l + 356 = -784. Calculate the remainder when z is divided by p.
44
Let u be (2 - 10/4)*-28. Suppose 6 + u = c. Suppose 0 = -5*q + 5*k + 75, -120 + 126 = -3*q - 14*k. What is the remainder when c is divided by q?
8
Let m = -10142 - -10213. Calculate the remainder when 176 is divided by m.
34
Suppose z = -4 + 6, -5*z - 96 = -w. Calculate the remainder when w is divided by (-1935)/129 - (-2 + -24).
7
Suppose 331*b - 88 = 329*b. What is the remainder when 3 - (-218 - (1 - 3)) is divided by b?
43
S